{"id":97650,"date":"2024-10-15T10:52:27","date_gmt":"2024-10-15T08:52:27","guid":{"rendered":"https:\/\/ctp.eu\/?page_id=97650"},"modified":"2026-02-05T16:01:59","modified_gmt":"2026-02-05T15:01:59","slug":"arad","status":"publish","type":"page","link":"https:\/\/ctp.eu\/vi\/regions\/arad\/","title":{"rendered":"Arad"},"content":{"rendered":"","protected":false},"excerpt":{"rendered":"","protected":false},"author":59,"featured_media":0,"parent":9638,"menu_order":1,"comment_status":"closed","ping_status":"closed","template":"region-details.php","meta":{"_acf_changed":false,"footnotes":""},"class_list":["post-97650","page","type-page","status-publish","hentry"],"acf":[],"yoast_head":"<title>Arad - Commercial Real Estate Developer And Manager<\/title>\n<meta name=\"description\" content=\"\u00a0Arad is a medium-sized city in western Romania with a population of 145,000 and serves as a key industrial hub. Located in Arad County, with 410,000 residents, it is positioned on the 4th EU corridor, a major Pan-European rail and road network, providing easy access to Central and Western Europe. Arad County has a diverse industrial base, particularly in manufacturing,\" \/>\n<meta name=\"robots\" content=\"index, follow, max-snippet:-1, max-image-preview:large, max-video-preview:-1\" \/>\n<link rel=\"canonical\" href=\"https:\/\/ctp.eu\/vi\/regions\/arad\/\" \/>\n<meta property=\"og:locale\" content=\"vi_VN\" \/>\n<meta property=\"og:type\" content=\"article\" \/>\n<meta property=\"og:title\" content=\"Arad\" \/>\n<meta property=\"og:description\" content=\"\u00a0Arad is a medium-sized city in western Romania with a population of 145,000 and serves as a key industrial hub. Located in Arad County, with 410,000 residents, it is positioned on the 4th EU corridor, a major Pan-European rail and road network, providing easy access to Central and Western Europe. Arad County has a diverse industrial base, particularly in manufacturing,\" \/>\n<meta property=\"og:url\" content=\"https:\/\/ctp.eu\/vi\/regions\/arad\/\" \/>\n<meta property=\"og:site_name\" content=\"Commercial Real Estate Developer And Manager\" \/>\n<meta property=\"article:modified_time\" content=\"2026-02-05T15:01:59+00:00\" \/>\n<meta name=\"twitter:card\" content=\"summary_large_image\" \/>\n<script type=\"application\/ld+json\" class=\"yoast-schema-graph\">{\"@context\":\"https:\\\/\\\/schema.org\",\"@graph\":[{\"@type\":\"WebPage\",\"@id\":\"https:\\\/\\\/ctp.eu\\\/regions\\\/arad\\\/\",\"url\":\"https:\\\/\\\/ctp.eu\\\/regions\\\/arad\\\/\",\"name\":\"Arad - Commercial Real Estate Developer And Manager\",\"isPartOf\":{\"@id\":\"https:\\\/\\\/ctp.eu\\\/#website\"},\"datePublished\":\"2024-10-15T08:52:27+00:00\",\"dateModified\":\"2026-02-05T15:01:59+00:00\",\"description\":\"\u00a0Arad is a medium-sized city in western Romania with a population of 145,000 and serves as a key industrial hub. Located in Arad County, with 410,000 residents, it is positioned on the 4th EU corridor, a major Pan-European rail and road network, providing easy access to Central and Western Europe. Arad County has a diverse industrial base, particularly in manufacturing,\",\"breadcrumb\":{\"@id\":\"https:\\\/\\\/ctp.eu\\\/regions\\\/arad\\\/#breadcrumb\"},\"inLanguage\":\"vi\",\"potentialAction\":[{\"@type\":\"ReadAction\",\"target\":[\"https:\\\/\\\/ctp.eu\\\/regions\\\/arad\\\/\"]}]},{\"@type\":\"BreadcrumbList\",\"@id\":\"https:\\\/\\\/ctp.eu\\\/regions\\\/arad\\\/#breadcrumb\",\"itemListElement\":[{\"@type\":\"ListItem\",\"position\":1,\"name\":\"Home\",\"item\":\"https:\\\/\\\/ctp.eu\\\/\"},{\"@type\":\"ListItem\",\"position\":2,\"name\":\"Hot Regions\",\"item\":\"https:\\\/\\\/ctp.eu\\\/regions\\\/\"},{\"@type\":\"ListItem\",\"position\":3,\"name\":\"Arad\"}]},{\"@type\":\"WebSite\",\"@id\":\"https:\\\/\\\/ctp.eu\\\/#website\",\"url\":\"https:\\\/\\\/ctp.eu\\\/\",\"name\":\"Commercial Real Estate Developer And Manager\",\"description\":\"CTP - premium industrial warehouse and office buildings\",\"publisher\":{\"@id\":\"https:\\\/\\\/ctp.eu\\\/#organization\"},\"potentialAction\":[{\"@type\":\"SearchAction\",\"target\":{\"@type\":\"EntryPoint\",\"urlTemplate\":\"https:\\\/\\\/ctp.eu\\\/?s={search_term_string}\"},\"query-input\":{\"@type\":\"PropertyValueSpecification\",\"valueRequired\":true,\"valueName\":\"search_term_string\"}}],\"inLanguage\":\"vi\"},{\"@type\":\"Organization\",\"@id\":\"https:\\\/\\\/ctp.eu\\\/#organization\",\"name\":\"CTP\",\"url\":\"https:\\\/\\\/ctp.eu\\\/\",\"logo\":{\"@type\":\"ImageObject\",\"inLanguage\":\"vi\",\"@id\":\"https:\\\/\\\/ctp.eu\\\/#\\\/schema\\\/logo\\\/image\\\/\",\"url\":\"\",\"contentUrl\":\"\",\"caption\":\"CTP\"},\"image\":{\"@id\":\"https:\\\/\\\/ctp.eu\\\/#\\\/schema\\\/logo\\\/image\\\/\"}}]}<\/script>","yoast_head_json":{"title":"Arad - Nh\u00e0 ph\u00e1t tri\u1ec3n v\u00e0 qu\u1ea3n l\u00fd b\u1ea5t \u0111\u1ed9ng s\u1ea3n th\u01b0\u01a1ng m\u1ea1i","description":"\u00a0Arad l\u00e0 m\u1ed9t th\u00e0nh ph\u1ed1 c\u1ee1 trung \u1edf ph\u00eda t\u00e2y Romania v\u1edbi d\u00e2n s\u1ed1 145.000 ng\u01b0\u1eddi v\u00e0 \u0111\u00f3ng vai tr\u00f2 l\u00e0 m\u1ed9t trung t\u00e2m c\u00f4ng nghi\u1ec7p quan tr\u1ecdng. N\u1eb1m \u1edf Qu\u1eadn Arad, v\u1edbi 410.000 c\u01b0 d\u00e2n, th\u00e0nh ph\u1ed1 n\u00e0y n\u1eb1m tr\u00ean h\u00e0nh lang EU th\u1ee9 4, m\u1ed9t m\u1ea1ng l\u01b0\u1edbi \u0111\u01b0\u1eddng s\u1eaft v\u00e0 \u0111\u01b0\u1eddng b\u1ed9 to\u00e0n ch\u00e2u \u00c2u l\u1edbn, gi\u00fap d\u1ec5 d\u00e0ng ti\u1ebfp c\u1eadn Trung v\u00e0 T\u00e2y \u00c2u. Qu\u1eadn Arad c\u00f3 c\u01a1 s\u1edf c\u00f4ng nghi\u1ec7p \u0111a d\u1ea1ng, \u0111\u1eb7c bi\u1ec7t l\u00e0 trong s\u1ea3n xu\u1ea5t,","robots":{"index":"index","follow":"follow","max-snippet":"max-snippet:-1","max-image-preview":"max-image-preview:large","max-video-preview":"max-video-preview:-1"},"canonical":"https:\/\/ctp.eu\/vi\/regions\/arad\/","og_locale":"vi_VN","og_type":"article","og_title":"Arad","og_description":"\u00a0Arad is a medium-sized city in western Romania with a population of 145,000 and serves as a key industrial hub. Located in Arad County, with 410,000 residents, it is positioned on the 4th EU corridor, a major Pan-European rail and road network, providing easy access to Central and Western Europe. Arad County has a diverse industrial base, particularly in manufacturing,","og_url":"https:\/\/ctp.eu\/vi\/regions\/arad\/","og_site_name":"Commercial Real Estate Developer And Manager","article_modified_time":"2026-02-05T15:01:59+00:00","twitter_card":"summary_large_image","schema":{"@context":"https:\/\/schema.org","@graph":[{"@type":"WebPage","@id":"https:\/\/ctp.eu\/regions\/arad\/","url":"https:\/\/ctp.eu\/regions\/arad\/","name":"Arad - Nh\u00e0 ph\u00e1t tri\u1ec3n v\u00e0 qu\u1ea3n l\u00fd b\u1ea5t \u0111\u1ed9ng s\u1ea3n th\u01b0\u01a1ng m\u1ea1i","isPartOf":{"@id":"https:\/\/ctp.eu\/#website"},"datePublished":"2024-10-15T08:52:27+00:00","dateModified":"2026-02-05T15:01:59+00:00","description":"\u00a0Arad l\u00e0 m\u1ed9t th\u00e0nh ph\u1ed1 c\u1ee1 trung \u1edf ph\u00eda t\u00e2y Romania v\u1edbi d\u00e2n s\u1ed1 145.000 ng\u01b0\u1eddi v\u00e0 \u0111\u00f3ng vai tr\u00f2 l\u00e0 m\u1ed9t trung t\u00e2m c\u00f4ng nghi\u1ec7p quan tr\u1ecdng. N\u1eb1m \u1edf Qu\u1eadn Arad, v\u1edbi 410.000 c\u01b0 d\u00e2n, th\u00e0nh ph\u1ed1 n\u00e0y n\u1eb1m tr\u00ean h\u00e0nh lang EU th\u1ee9 4, m\u1ed9t m\u1ea1ng l\u01b0\u1edbi \u0111\u01b0\u1eddng s\u1eaft v\u00e0 \u0111\u01b0\u1eddng b\u1ed9 to\u00e0n ch\u00e2u \u00c2u l\u1edbn, gi\u00fap d\u1ec5 d\u00e0ng ti\u1ebfp c\u1eadn Trung v\u00e0 T\u00e2y \u00c2u. Qu\u1eadn Arad c\u00f3 c\u01a1 s\u1edf c\u00f4ng nghi\u1ec7p \u0111a d\u1ea1ng, \u0111\u1eb7c bi\u1ec7t l\u00e0 trong s\u1ea3n xu\u1ea5t,","breadcrumb":{"@id":"https:\/\/ctp.eu\/regions\/arad\/#breadcrumb"},"inLanguage":"vi","potentialAction":[{"@type":"ReadAction","target":["https:\/\/ctp.eu\/regions\/arad\/"]}]},{"@type":"BreadcrumbList","@id":"https:\/\/ctp.eu\/regions\/arad\/#breadcrumb","itemListElement":[{"@type":"ListItem","position":1,"name":"Home","item":"https:\/\/ctp.eu\/"},{"@type":"ListItem","position":2,"name":"Hot Regions","item":"https:\/\/ctp.eu\/regions\/"},{"@type":"ListItem","position":3,"name":"Arad"}]},{"@type":"WebSite","@id":"https:\/\/ctp.eu\/#website","url":"https:\/\/ctp.eu\/","name":"Nh\u00e0 ph\u00e1t tri\u1ec3n v\u00e0 qu\u1ea3n l\u00fd b\u1ea5t \u0111\u1ed9ng s\u1ea3n th\u01b0\u01a1ng m\u1ea1i","description":"CTP - t\u00f2a nh\u00e0 v\u0103n ph\u00f2ng v\u00e0 kho c\u00f4ng nghi\u1ec7p cao c\u1ea5p","publisher":{"@id":"https:\/\/ctp.eu\/#organization"},"potentialAction":[{"@type":"SearchAction","target":{"@type":"EntryPoint","urlTemplate":"https:\/\/ctp.eu\/?s={search_term_string}"},"query-input":{"@type":"PropertyValueSpecification","valueRequired":true,"valueName":"search_term_string"}}],"inLanguage":"vi"},{"@type":"Organization","@id":"https:\/\/ctp.eu\/#organization","name":"CTP","url":"https:\/\/ctp.eu\/","logo":{"@type":"ImageObject","inLanguage":"vi","@id":"https:\/\/ctp.eu\/#\/schema\/logo\/image\/","url":"","contentUrl":"","caption":"CTP"},"image":{"@id":"https:\/\/ctp.eu\/#\/schema\/logo\/image\/"}}]}},"_links":{"self":[{"href":"https:\/\/ctp.eu\/vi\/wp-json\/wp\/v2\/pages\/97650","targetHints":{"allow":["GET"]}}],"collection":[{"href":"https:\/\/ctp.eu\/vi\/wp-json\/wp\/v2\/pages"}],"about":[{"href":"https:\/\/ctp.eu\/vi\/wp-json\/wp\/v2\/types\/page"}],"author":[{"embeddable":true,"href":"https:\/\/ctp.eu\/vi\/wp-json\/wp\/v2\/users\/59"}],"replies":[{"embeddable":true,"href":"https:\/\/ctp.eu\/vi\/wp-json\/wp\/v2\/comments?post=97650"}],"version-history":[{"count":10,"href":"https:\/\/ctp.eu\/vi\/wp-json\/wp\/v2\/pages\/97650\/revisions"}],"predecessor-version":[{"id":114061,"href":"https:\/\/ctp.eu\/vi\/wp-json\/wp\/v2\/pages\/97650\/revisions\/114061"}],"up":[{"embeddable":true,"href":"https:\/\/ctp.eu\/vi\/wp-json\/wp\/v2\/pages\/9638"}],"wp:attachment":[{"href":"https:\/\/ctp.eu\/vi\/wp-json\/wp\/v2\/media?parent=97650"}],"curies":[{"name":"wp","href":"https:\/\/api.w.org\/{rel}","templated":true}]}}

Arad - Nhà phát triển và quản lý bất động sản thương mại

Arad là một thành phố cỡ trung ở phía tây Romania với dân số 145.000 người và đóng vai trò là một trung tâm công nghiệp quan trọng. Nằm ở Quận Arad, với 410.000 cư dân, thành phố này nằm trên hành lang EU thứ 4, một mạng lưới đường sắt và đường bộ toàn châu Âu lớn, giúp dễ dàng tiếp cận Trung và Tây Âu. Quận Arad có cơ sở công nghiệp đa dạng, đặc biệt là trong sản xuất,

Nhà phát triển và quản lý bất động sản thương mại

CTP - tòa nhà văn phòng và kho công nghiệp cao cấp
