{"id":8079,"date":"2020-03-30T15:46:31","date_gmt":"2020-03-30T15:46:31","guid":{"rendered":"https:\/\/www.ctp.eu\/?page_id=8079"},"modified":"2020-04-01T17:15:11","modified_gmt":"2020-04-01T17:15:11","slug":"short-term-lease-of-a-class-space-in-the-ctpark-network","status":"publish","type":"page","link":"https:\/\/ctp.eu\/hu\/short-term-lease-of-a-class-space-in-the-ctpark-network\/","title":{"rendered":"El\u00e9rhet\u0151 A-oszt\u00e1ly\u00fa helyek a CTPark h\u00e1l\u00f3zatban"},"content":{"rendered":"<p>\u00dcgyfeleink sz\u00e1m\u00e1ra k\u00fcl\u00f6nleges szolg\u00e1ltat\u00e1sk\u00e9nt a CTP mostant\u00f3l rakt\u00e1rhelyis\u00e9geket k\u00edn\u00e1l r\u00f6vid \u00e9s k\u00f6z\u00e9pt\u00e1v\u00fa b\u00e9rbead\u00e1sra a CTPark h\u00e1l\u00f3zat\u00e1ban. Az al\u00e1bbiakban felsoroljuk a most el\u00e9rhet\u0151, AZONNALI BEJELENTKEZ\u00c9SRE rendelkez\u00e9sre \u00e1ll\u00f3 helyis\u00e9geket az \u00f6sszes kulcsfontoss\u00e1g\u00fa r\u00e9gi\u00f3ban.<\/p>","protected":false},"excerpt":{"rendered":"<p>Speci\u00e1lis szolg\u00e1ltat\u00e1sk\u00e9nt \u00fcgyfeleink sz\u00e1m\u00e1ra a CTP most rakt\u00e1rter\u00fcleteket k\u00edn\u00e1l r\u00f6vid \u00e9s k\u00f6z\u00e9pt\u00e1v\u00fa b\u00e9rbead\u00e1sra az eg\u00e9sz orsz\u00e1gban.<\/p>","protected":false},"author":67,"featured_media":0,"parent":0,"menu_order":0,"comment_status":"closed","ping_status":"closed","template":"new-offices-page.php","meta":{"_acf_changed":false,"footnotes":""},"class_list":["post-8079","page","type-page","status-publish","hentry"],"acf":[],"yoast_head":"<title>Available A-Class Space in the CTPark Network - Commercial Real Estate Developer And Manager<\/title>\n<meta name=\"robots\" content=\"index, follow, max-snippet:-1, max-image-preview:large, max-video-preview:-1\" \/>\n<link rel=\"canonical\" href=\"https:\/\/ctp.eu\/hu\/short-term-lease-of-a-class-space-in-the-ctpark-network\/\" \/>\n<meta property=\"og:locale\" content=\"hu_HU\" \/>\n<meta property=\"og:type\" content=\"article\" \/>\n<meta property=\"og:title\" content=\"Available A-Class Space in the CTPark Network\" \/>\n<meta property=\"og:description\" content=\"As a special service to our clients, CTP is now offering warehouse space for short- to medium-term lease across the\" \/>\n<meta property=\"og:url\" content=\"https:\/\/ctp.eu\/hu\/short-term-lease-of-a-class-space-in-the-ctpark-network\/\" \/>\n<meta property=\"og:site_name\" content=\"Commercial Real Estate Developer And Manager\" \/>\n<meta property=\"article:modified_time\" content=\"2020-04-01T17:15:11+00:00\" \/>\n<meta name=\"twitter:card\" content=\"summary_large_image\" \/>\n<script type=\"application\/ld+json\" class=\"yoast-schema-graph\">{\"@context\":\"https:\\\/\\\/schema.org\",\"@graph\":[{\"@type\":\"WebPage\",\"@id\":\"https:\\\/\\\/ctp.eu\\\/short-term-lease-of-a-class-space-in-the-ctpark-network\\\/\",\"url\":\"https:\\\/\\\/ctp.eu\\\/short-term-lease-of-a-class-space-in-the-ctpark-network\\\/\",\"name\":\"Available A-Class Space in the CTPark Network - Commercial Real Estate Developer And Manager\",\"isPartOf\":{\"@id\":\"https:\\\/\\\/ctp.eu\\\/#website\"},\"datePublished\":\"2020-03-30T15:46:31+00:00\",\"dateModified\":\"2020-04-01T17:15:11+00:00\",\"breadcrumb\":{\"@id\":\"https:\\\/\\\/ctp.eu\\\/short-term-lease-of-a-class-space-in-the-ctpark-network\\\/#breadcrumb\"},\"inLanguage\":\"hu\",\"potentialAction\":[{\"@type\":\"ReadAction\",\"target\":[\"https:\\\/\\\/ctp.eu\\\/short-term-lease-of-a-class-space-in-the-ctpark-network\\\/\"]}]},{\"@type\":\"BreadcrumbList\",\"@id\":\"https:\\\/\\\/ctp.eu\\\/short-term-lease-of-a-class-space-in-the-ctpark-network\\\/#breadcrumb\",\"itemListElement\":[{\"@type\":\"ListItem\",\"position\":1,\"name\":\"Home\",\"item\":\"https:\\\/\\\/ctp.eu\\\/\"},{\"@type\":\"ListItem\",\"position\":2,\"name\":\"Available A-Class Space in the CTPark Network\"}]},{\"@type\":\"WebSite\",\"@id\":\"https:\\\/\\\/ctp.eu\\\/#website\",\"url\":\"https:\\\/\\\/ctp.eu\\\/\",\"name\":\"Commercial Real Estate Developer And Manager\",\"description\":\"CTP - premium industrial warehouse and office buildings\",\"publisher\":{\"@id\":\"https:\\\/\\\/ctp.eu\\\/#organization\"},\"potentialAction\":[{\"@type\":\"SearchAction\",\"target\":{\"@type\":\"EntryPoint\",\"urlTemplate\":\"https:\\\/\\\/ctp.eu\\\/?s={search_term_string}\"},\"query-input\":{\"@type\":\"PropertyValueSpecification\",\"valueRequired\":true,\"valueName\":\"search_term_string\"}}],\"inLanguage\":\"hu\"},{\"@type\":\"Organization\",\"@id\":\"https:\\\/\\\/ctp.eu\\\/#organization\",\"name\":\"CTP\",\"url\":\"https:\\\/\\\/ctp.eu\\\/\",\"logo\":{\"@type\":\"ImageObject\",\"inLanguage\":\"hu\",\"@id\":\"https:\\\/\\\/ctp.eu\\\/#\\\/schema\\\/logo\\\/image\\\/\",\"url\":\"\",\"contentUrl\":\"\",\"caption\":\"CTP\"},\"image\":{\"@id\":\"https:\\\/\\\/ctp.eu\\\/#\\\/schema\\\/logo\\\/image\\\/\"}}]}<\/script>","yoast_head_json":{"title":"Rendelkez\u00e9sre \u00e1ll\u00f3 A-oszt\u00e1ly\u00fa hely a CTPark h\u00e1l\u00f3zatban \u2013 Kereskedelmi ingatlanfejleszt\u0151 \u00e9s menedzser","robots":{"index":"index","follow":"follow","max-snippet":"max-snippet:-1","max-image-preview":"max-image-preview:large","max-video-preview":"max-video-preview:-1"},"canonical":"https:\/\/ctp.eu\/hu\/short-term-lease-of-a-class-space-in-the-ctpark-network\/","og_locale":"hu_HU","og_type":"article","og_title":"Available A-Class Space in the CTPark Network","og_description":"As a special service to our clients, CTP is now offering warehouse space for short- to medium-term lease across the","og_url":"https:\/\/ctp.eu\/hu\/short-term-lease-of-a-class-space-in-the-ctpark-network\/","og_site_name":"Commercial Real Estate Developer And Manager","article_modified_time":"2020-04-01T17:15:11+00:00","twitter_card":"summary_large_image","schema":{"@context":"https:\/\/schema.org","@graph":[{"@type":"WebPage","@id":"https:\/\/ctp.eu\/short-term-lease-of-a-class-space-in-the-ctpark-network\/","url":"https:\/\/ctp.eu\/short-term-lease-of-a-class-space-in-the-ctpark-network\/","name":"Rendelkez\u00e9sre \u00e1ll\u00f3 A-oszt\u00e1ly\u00fa hely a CTPark h\u00e1l\u00f3zatban \u2013 Kereskedelmi ingatlanfejleszt\u0151 \u00e9s menedzser","isPartOf":{"@id":"https:\/\/ctp.eu\/#website"},"datePublished":"2020-03-30T15:46:31+00:00","dateModified":"2020-04-01T17:15:11+00:00","breadcrumb":{"@id":"https:\/\/ctp.eu\/short-term-lease-of-a-class-space-in-the-ctpark-network\/#breadcrumb"},"inLanguage":"hu","potentialAction":[{"@type":"ReadAction","target":["https:\/\/ctp.eu\/short-term-lease-of-a-class-space-in-the-ctpark-network\/"]}]},{"@type":"BreadcrumbList","@id":"https:\/\/ctp.eu\/short-term-lease-of-a-class-space-in-the-ctpark-network\/#breadcrumb","itemListElement":[{"@type":"ListItem","position":1,"name":"Home","item":"https:\/\/ctp.eu\/"},{"@type":"ListItem","position":2,"name":"Available A-Class Space in the CTPark Network"}]},{"@type":"WebSite","@id":"https:\/\/ctp.eu\/#website","url":"https:\/\/ctp.eu\/","name":"Kereskedelmi ingatlanfejleszt\u0151 \u00e9s menedzser","description":"CTP - pr\u00e9mium ipari rakt\u00e1rak \u00e9s iroda\u00e9p\u00fcletek","publisher":{"@id":"https:\/\/ctp.eu\/#organization"},"potentialAction":[{"@type":"SearchAction","target":{"@type":"EntryPoint","urlTemplate":"https:\/\/ctp.eu\/?s={search_term_string}"},"query-input":{"@type":"PropertyValueSpecification","valueRequired":true,"valueName":"search_term_string"}}],"inLanguage":"hu"},{"@type":"Organization","@id":"https:\/\/ctp.eu\/#organization","name":"CTP","url":"https:\/\/ctp.eu\/","logo":{"@type":"ImageObject","inLanguage":"hu","@id":"https:\/\/ctp.eu\/#\/schema\/logo\/image\/","url":"","contentUrl":"","caption":"CTP"},"image":{"@id":"https:\/\/ctp.eu\/#\/schema\/logo\/image\/"}}]}},"_links":{"self":[{"href":"https:\/\/ctp.eu\/hu\/wp-json\/wp\/v2\/pages\/8079","targetHints":{"allow":["GET"]}}],"collection":[{"href":"https:\/\/ctp.eu\/hu\/wp-json\/wp\/v2\/pages"}],"about":[{"href":"https:\/\/ctp.eu\/hu\/wp-json\/wp\/v2\/types\/page"}],"author":[{"embeddable":true,"href":"https:\/\/ctp.eu\/hu\/wp-json\/wp\/v2\/users\/67"}],"replies":[{"embeddable":true,"href":"https:\/\/ctp.eu\/hu\/wp-json\/wp\/v2\/comments?post=8079"}],"version-history":[{"count":0,"href":"https:\/\/ctp.eu\/hu\/wp-json\/wp\/v2\/pages\/8079\/revisions"}],"wp:attachment":[{"href":"https:\/\/ctp.eu\/hu\/wp-json\/wp\/v2\/media?parent=8079"}],"curies":[{"name":"wp","href":"https:\/\/api.w.org\/{rel}","templated":true}]}}

Elérhető A-osztályú helyek a CTPark hálózatban

<p>Ügyfeleink számára különleges szolgáltatásként a CTP mostantól raktárhelyiségeket kínál rövid és középtávú bérbeadásra a CTPark hálózatában. Az alábbiakban felsoroljuk a most elérhető, AZONNALI BEJELENTKEZÉSRE rendelkezésre álló helyiségeket az összes kulcsfontosságú régióban.</p>

<p>Speciális szolgáltatásként ügyfeleink számára a CTP most raktárterületeket kínál rövid és középtávú bérbeadásra az egész országban.</p>

Rendelkezésre álló A-osztályú hely a CTPark hálózatban – Kereskedelmi ingatlanfejlesztő és menedzser

Kereskedelmi ingatlanfejlesztő és menedzser

CTP - prémium ipari raktárak és irodaépületek
